277 is divided by 3515.
7
Calculate the remainder when 19648 is divided by 53.
38
Calculate the remainder when 2567 is divided by 731.
374
What is the remainder when 6903 is divided by 478?
211
Calculate the remainder when 93471 is divided by 2596.
15
Calculate the remainder when 36310 is divided by 408.
406
Calculate the remainder when 61005 is divided by 204.
9
Calculate the remainder when 7556 is divided by 180.
176
Calculate the remainder when 768191 is divided by 259.
256
Calculate the remainder when 166114 is divided by 121.
102
Calculate the remainder when 567409 is divided by 58.
53
What is the remainder when 21431 is divided by 765?
11
What is the remainder when 5534 is divided by 1844?
2
Calculate the remainder when 470157 is divided by 120.
117
What is the remainder when 673085 is divided by 47?
45
What is the remainder when 101552 is divided by 5076?
32
Calculate the remainder when 1557 is divided by 87.
78
What is the remainder when 6298 is divided by 50?
48
What is the remainder when 24486 is divided by 34?
6
What is the remainder when 552997 is divided by 318?
313
What is the remainder when 25934 is divided by 96?
14
What is the remainder when 508882 is divided by 11?
0
What is the remainder when 4524 is divided by 151?
145
What is the remainder when 59156 is divided by 20?
16
What is the remainder when 1116 is divided by 203?
101
What is the remainder when 377920 is divided by 91?
88
Calculate the remainder when 472810 is divided by 47.
37
What is the remainder when 22451 is divided by 583?
297
Calculate the remainder when 218366 is divided by 67.
13
Calculate the remainder when 1507165 is divided by 13.
10
What is the remainder when 546 is divided by 10?
6
What is the remainder when 226180 is divided by 255?
250
What is the remainder when 150430 is divided by 796?
782
Calculate the remainder when 35818 is divided by 46.
30
Calculate the remainder when 2659 is divided by 127.
119
What is the remainder when 42136 is divided by 339?
100
Calculate the remainder when 2845 is divided by 2841.
4
What is the remainder when 3359 is divided by 416?
31
What is the remainder when 170151 is divided by 36?
15
What is the remainder when 4775 is divided by 252?
239
Calculate the remainder when 140114 is divided by 40.
34
Calculate the remainder when 83347 is divided by 193.
164
What is the remainder when 1496 is divided by 541?
414
What is the remainder when 152301 is divided by 19?
16
What is the remainder when 6300 is divided by 1?
0
Calculate the remainder when 221905 is divided by 29.
26
Calculate the remainder when 25752 is divided by 8581.
9
Calculate the remainder when 3369 is divided by 1111.
36
What is the remainder when 6291 is divided by 462?
285
What is the remainder when 47251 is divided by 43?
37
What is the remainder when 8948 is divided by 218?
10
What is the remainder when 189928 is divided by 78?
76
What is the remainder when 40210 is divided by 1546?
14
Calculate the remainder when 517172 is divided by 91.
19
Calculate the remainder when 10387 is divided by 1476.
55
What is the remainder when 2199 is divided by 295?
134
Calculate the remainder when 1717 is divided by 145.
122
Calculate the remainder when 950198 is divided by 8.
6
Calculate the remainder when 55296 is divided by 7898.
10
What is the remainder when 6970 is divided by 225?
220
What is the remainder when 28953 is divided by 7233?
21
Calculate the remainder when 87681 is divided by 95.
91
What is the remainder when 1822 is divided by 222?
46
Calculate the remainder when 12718682 is divided by 61.
60
What is the remainder when 7772 is divided by 705?
17
What is the remainder when 152302 is divided by 1813?
10
What is the remainder when 3463 is divided by 22?
9
What is the remainder when 423536 is divided by 905?
901
What is the remainder when 71445 is divided by 312?
309
What is the remainder when 140 is divided by 44?
8
What is the remainder when 203523 is divided by 2544?
3
What is the remainder when 33551 is divided by 97?
86
What is the remainder when 1865 is divided by 616?
17
Calculate the remainder when 38386 is divided by 22.
18
Calculate the remainder when 7386709 is divided by 172.
169
Calculate the remainder when 3417168 is divided by 85.
83
Calculate the remainder when 801674 is divided by 225.
224
Calculate the remainder when 646602 is divided by 241.
240
What is the remainder when 3840 is divided by 1262?
54
Calculate the remainder when 6638 is divided by 66.
38
What is the remainder when 635157 is divided by 402?
399
What is the remainder when 127393 is divided by 30?
13
What is the remainder when 7744344 is divided by 39?
36
Calculate the remainder when 214280 is divided by 4.
0
What is the remainder when 142639 is divided by 515?
499
What is the remainder when 86060 is divided by 66?
62
What is the remainder when 927160 is divided by 171?
169
Calculate the remainder when 52219 is divided by 1450.
19
Calculate the remainder when 7339713 is divided by 842.
841
Calculate the remainder when 334752 is divided by 94.
18
What is the remainder when 5606 is divided by 1812?
170
What is the remainder when 6218 is divided by 1242?
8
What is the remainder when 19461 is divided by 205?
191
What is the remainder when 74062 is divided by 211?
1
Calculate the remainder when 66312 is divided by 495.
477
What is the remainder when 10683 is divided by 10670?
13
Calculate the remainder when 1633364 is divided by 343.
341
Calculate the remainder when 14676 is divided by 1597.
303
What is the remainder when 674 is divided by 53?
38
What is the remainder when 17507 is divided by 30?
17
What is the remainder when 21119 is divided by 657?
95
What is the remainder when 5444 is divided by 242?
120
What is the remainder when 414596 is divided by 415?
11
What is the remainder when 174076 is divided by 14505?
16
What is the remainder when 5644 is divided by 76?
20
Calculate the remainder when 25976 is divided by 130.
106
What is the remainder when 2763375 is divided by 9?
6
Calculate the remainder when 867250 is divided by 17.
12
Calculate the remainder when 513 is divided by 489.
24
What is the remainder when 132289 is divided by 48?
1
Calculate the remainder when 434 is divided by 2.
0
What is the remainder when 6126 is divided by 3043?
40
What is the remainder when 6222 is divided by 122?
0
Calculate the remainder when 21035 is divided by 3003.
14
Calculate the remainder when 292199 is divided by 247.
245
What is the remainder when 5512 is divided by 3147?
2365
Calculate the remainder when 3003 is divided by 75.
3
What is the remainder when 8575 is divided by 358?
341
What is the remainder when 4398573 is divided by 546?
543
Calculate the remainder when 2421 is divided by 2369.
52
What is the remainder when 1101 is divided by 471?
159
Calculate the remainder when 1486 is divided by 27.
1
What is the remainder when 80460 is divided by 55?
50
What is the remainder when 28119 is divided by 95?
94
What is the remainder when 34276 is divided by 591?
589
What is the remainder when 3240 is divided by 1303?
634
Calculate the remainder when 142764 is divided by 2338.
146
Calculate the remainder when 5807 is divided by 114.
107
What is the remainder when 12439 is divided by 6041?
357
Calculate the remainder when 25956 is divided by 366.
336
Calculate the remainder when 107331 is divided by 131.
42
What is the remainder when 98416 is divided by 965?
951
Calculate the remainder when 3306 is divided by 302.
286
Calculate the remainder when 7661 is divided by 623.
185
Calculate the remainder when 42011 is divided by 372.
347
Calculate the remainder when 2118393 is divided by 21.
18
Calculate the remainder when 761 is divided by 71.
51
What is the remainder when 99435 is divided by 27?
21
What is the remainder when 15583 is divided by 7790?
3
What is the remainder when 3369431 is divided by 1684710?
11
What is the remainder when 32883 is divided by 457?
436
What is the remainder when 8023 is divided by 115?
88
Calculate the remainder when 2776 is divided by 128.
88
What is the remainder when 18952 is divided by 117?
115
What is the remainder when 9206 is divided by 344?
262
Calculate the remainder when 40222 is divided by 13.
0
Calculate the remainder when 3305 is divided by 281.
21